Is 10462289 a prime number?
True
Is 4244126 prime?
False
Is 25997227 a prime number?
True
Is 1273879 composite?
False
Is 33827 a composite number?
False
Is 12184387 composite?
False
Is 7029863 a composite number?
False
Is 203651407 prime?
False
Is 138409781 a composite number?
True
Is 2721119 prime?
True
Is 11553389 a prime number?
False
Is 14815327 a prime number?
False
Is 3455857 prime?
True
Is 4024667 a prime number?
True
Is 146512649 composite?
False
Is 68331271 composite?
True
Is 109355 a composite number?
True
Is 37761117 a prime number?
False
Is 427446794 prime?
False
Is 25626197 a composite number?
False
Is 146642849 prime?
True
Is 28537 a composite number?
False
Is 7668851 composite?
False
Is 933077 prime?
False
Is 100291439 prime?
True
Is 1692589 a prime number?
True
Is 11763803 a composite number?
False
Is 6921367 composite?
True
Is 4406 composite?
True
Is 276020071 a composite number?
True
Is 2442149 a composite number?
True
Is 5128207 a composite number?
True
Is 1784137 a prime number?
True
Is 20603441 a composite number?
True
Is 3851191 a prime number?
False
Is 295055713 a prime number?
True
Is 683648841 a composite number?
True
Is 2243753 composite?
False
Is 804967 a composite number?
True
Is 84509 a composite number?
False
Is 426143 composite?
True
Is 1787509 a prime number?
True
Is 8816287 composite?
True
Is 120551861 a composite number?
False
Is 463969 a prime number?
False
Is 1003241 a composite number?
False
Is 56129621 composite?
True
Is 166670809 a composite number?
True
Is 6047369 a prime number?
True
Is 2276971 prime?
False
Is 413137861 a composite number?
False
Is 120539 a composite number?
False
Is 4010261 prime?
True
Is 317447551 a prime number?
True
Is 597007807 prime?
False
Is 7311281 a composite number?
True
Is 7917605 a prime number?
False
Is 96606691 a composite number?
False
Is 62676797 prime?
False
Is 40719005 a prime number?
False
Is 44216267 prime?
True
Is 1849668277 prime?
True
Is 65378399 a composite number?
True
Is 2146223 a composite number?
True
Is 11837647 composite?
False
Is 63016223 composite?
True
Is 6843533 a prime number?
False
Is 6277613 composite?
True
Is 202886303 a composite number?
False
Is 12416603 prime?
True
Is 10270081 prime?
True
Is 35682583 prime?
True
Is 66639929 prime?
True
Is 201749386 a composite number?
True
Is 12594473 composite?
True
Is 174217 composite?
True
Is 11144019 composite?
True
Is 1649429 prime?
True
Is 516311 prime?
False
Is 4215577 a prime number?
True
Is 4034689 composite?
False
Is 2430037 a prime number?
False
Is 2903935 prime?
False
Is 356053 a composite number?
True
Is 389087 prime?
False
Is 1092804761 a composite number?
True
Is 18528511 prime?
False
Is 10097093 prime?
True
Is 11437477 composite?
True
Is 15095053 prime?
True
Is 49105463 composite?
True
Is 944693 prime?
False
Is 357660757 prime?
True
Is 7325881 composite?
False
Is 14570237 a prime number?
False
Is 2991589 a prime number?
True
Is 698660923 a prime number?
True
Is 650449 prime?
True
Is 182053 a prime number?
False
Is 8742847 a composite number?
False
Is 29067257 a prime number?
True
Is 322236403 composite?
True
Is 7682933 prime?
False
Is 113072909 prime?
False
Is 15661615 a composite number?
True
Is 2002709 prime?
False
Is 140129081 a prime number?
False
Is 61253783 a prime number?
True
Is 6959465 a composite number?
True
Is 1009237 composite?
False
Is 11052235 composite?
True
Is 2721989 composite?
True
Is 185538233 prime?
True
Is 43506269 prime?
False
Is 11302633 a composite number?
False
Is 5578217 a prime number?
False
Is 203592263 a composite number?
True
Is 277979577 composite?
True
Is 78635947 a prime number?
False
Is 11097761 a composite number?
False
Is 9722987 composite?
True
Is 8189653 a composite number?
True
Is 335428669 a prime number?
True
Is 24603781 a prime number?
True
Is 472377923 prime?
False
Is 328283443 a prime number?
False
Is 1191683 a prime number?
False
Is 63327647 composite?
True
Is 86347043 composite?
False
Is 6118121 a composite number?
True
Is 75096319 composite?
False
Is 121016371 a prime number?
False
Is 5395781 composite?
True
Is 14023291 composite?
True
Is 2026147 a composite number?
True
Is 8376901 composite?
True
Is 1566281747 a composite number?
False
Is 1862213 composite?
False
Is 3826603 a prime number?
False
Is 69163703 prime?
False
Is 128894307 a composite number?
True
Is 633131 a composite number?
True
Is 31303333 composite?
True
Is 23492767 composite?
False
Is 33220279 composite?
True
Is 276277 prime?
True
Is 6563671 prime?
False
Is 485476609 a prime number?
True
Is 21466021 a composite number?
False
Is 38280365 composite?
True
Is 1178887 a composite number?
False
Is 2132749 a composite number?
False
Is 7308629 a prime number?
True
Is 117097237 a prime number?
True
Is 3310049 a composite number?
False
Is 401156807 composite?
False
Is 5993105 composite?
True
Is 57955123 a prime number?
True
Is 488869813 prime?
True
Is 15605435 a prime number?
False
Is 10024367 prime?
False
Is 2723003 prime?
True
Is 30873274 a prime number?
False
Is 5640101 prime?
False
Is 85571 composite?
False
Is 56785109 a composite number?
False
Is 18130291 a composite number?
False
Is 24336547 composite?
False
Is 15038701 a composite number?
False
Is 6390947 composite?
False
Is 4669711 prime?
False
Is 15531821 a prime number?
False
Is 235413419 a prime number?
False
Is 566891 a prime number?
False
Is 766237 prime?
True
Is 24603463 a composite number?
False
Is 10459997 prime?
False
Is 6254519 prime?
False
Is 44508341 prime?
True
Is 1739150591 prime?
True
Is 2572433 a composite number?
False
Is 9956327 a prime number?
True
Is 140637089 a composite number?
False
Is 683089193 composite?
False
Is 2152249 a prime number?
False
Is 217705478 composite?
True
Is 3564401 composite?
True
Is 53415677 a composite number?
True
Is 3383581 a prime number?
True
Is 952277 a composite number?
False
Is 23375126 composite?
True
Is 18390419 a prime number?
False
Is 71992799 prime?
True
Is 108457801 a composite number?
True
Is 2423117 a prime number?
True
Is 1971301 prime?
False
Is 22884679 a prime number?
True
Is 30411569 a composite number?
False
Is 16608421 a composite number?
True
Is 101483279 a prime number?
True
Is 3398539 composite?
True
Is 545329 prime?
True
Is 115212847 a prime number?
True
Is 112302263 a prime number?
True
Is 16232059 prime?
False
Is 91417309 a composite number?
True
Is 2093096497 prime?
True
Is 18091189 a prime number?
True
Is 22811309 prime?
False
Is 237044239 composite?
True
Is 51597109 a composite number?
False
Is 4898329 a prime number?
False
Is 16283581 prime?
False
Is 48633677 composite?
True
Is 95305933 a prime number?
True
Is 16535219 composite?
False
Is 78576581 a prime number?
False
Is 40982369 a composite number?
False
Is 239779 a prime number?
True
Is 1960351 composite?
False
Is 375029 prime?
True
Is 9680609 composite?
True
Is 122938973 a composite number?
True
Is 3997615 prime?
False
Is 13364457 a composite number?
True
Is 19391899 composite?
True
Is 659101 composite?
False
Is 47287187 prime?
False
Is 18253423 prime?
True
Is 1560733 prime?
True
Is 101003795 prime?
False
Is 6698819 a prime number?
False
Is 26193361 a prime number?
True
Is 2299823 composite?
False
Is 3756401 composite?
True
Is 4725169 a prime number?
True
Is 2354743 composite?
False
Is 451360423 a prime number?
True
Is 1777213 a composite number?
False
Is 390271291 prime?
False
Is 9017093 composite?
False
Is 14904471 a prime number?
False
Is 176648405 prime?
False
Is 2081671 a composite number?
False
Is 31413442 composite?
True
Is 13905482 a prime number?
False
Is 656221 a prime number?
True
Is 1596083 a composite number?
True
Is 8678519 a composite number?
False
Is 24750259 a composite number?
True
Is 778889159 a prime number?
True
Is 17576161 composite?
False
Is 37387831 a composite number?
True
Is 20861761 prime?
True
Is 5930279 composite?
False
Is 3934997 prime?
False
Is 11710927 prime?
False
Is 90836191 a prime number?
False
Is 21899357 a composite number?
True
Is 42141643 prime?
True
Is 5944129 prime?
True
Is 4510693 a prime number?
False
Is 28083227 composite?
False
Is 211569011 composite?
False
Is 14145317 prime?
False
Is 39298449 composite?
True
Is 202549 composite?
False
Is 5315021 prime?
True